culate the remainder when 4619 is divided by 84.
83
Calculate the remainder when 153 is divided by 76.
1
Calculate the remainder when 232 is divided by 49.
36
Calculate the remainder when 31 is divided by 9.
4
What is the remainder when 200 is divided by 106?
94
Calculate the remainder when 4116 is divided by 18.
12
What is the remainder when 119 is divided by 44?
31
Calculate the remainder when 691 is divided by 77.
75
Calculate the remainder when 307 is divided by 24.
19
What is the remainder when 132 is divided by 36?
24
What is the remainder when 251 is divided by 64?
59
What is the remainder when 256 is divided by 20?
16
Calculate the remainder when 273 is divided by 2.
1
What is the remainder when 7343 is divided by 93?
89
Calculate the remainder when 1448 is divided by 205.
13
Calculate the remainder when 600 is divided by 151.
147
What is the remainder when 2938 is divided by 9?
4
What is the remainder when 198 is divided by 36?
18
Calculate the remainder when 688 is divided by 651.
37
What is the remainder when 3376 is divided by 135?
1
What is the remainder when 1699 is divided by 34?
33
What is the remainder when 503 is divided by 22?
19
Calculate the remainder when 171 is divided by 35.
31
Calculate the remainder when 84 is divided by 3.
0
Calculate the remainder when 840 is divided by 65.
60
What is the remainder when 4947 is divided by 99?
96
Calculate the remainder when 3273 is divided by 10.
3
What is the remainder when 172 is divided by 2?
0
Calculate the remainder when 4557 is divided by 66.
3
Calculate the remainder when 117 is divided by 15.
12
What is the remainder when 206 is divided by 15?
11
Calculate the remainder when 53 is divided by 14.
11
Calculate the remainder when 279 is divided by 47.
44
What is the remainder when 638 is divided by 33?
11
Calculate the remainder when 921 is divided by 13.
11
What is the remainder when 187 is divided by 32?
27
Calculate the remainder when 316 is divided by 64.
60
Calculate the remainder when 51 is divided by 14.
9
Calculate the remainder when 238 is divided by 37.
16
Calculate the remainder when 3134 is divided by 28.
26
What is the remainder when 1017 is divided by 64?
57
Calculate the remainder when 339 is divided by 17.
16
Calculate the remainder when 1125 is divided by 223.
10
Calculate the remainder when 603 is divided by 55.
53
What is the remainder when 176 is divided by 9?
5
Calculate the remainder when 206 is divided by 76.
54
What is the remainder when 302 is divided by 82?
56
Calculate the remainder when 8677 is divided by 31.
28
Calculate the remainder when 56 is divided by 46.
10
What is the remainder when 429 is divided by 203?
23
Calculate the remainder when 66 is divided by 28.
10
What is the remainder when 1592 is divided by 114?
110
Calculate the remainder when 138 is divided by 20.
18
Calculate the remainder when 469 is divided by 59.
56
Calculate the remainder when 2446 is divided by 51.
49
What is the remainder when 538 is divided by 55?
43
What is the remainder when 734 is divided by 92?
90
What is the remainder when 116 is divided by 3?
2
Calculate the remainder when 279 is divided by 20.
19
Calculate the remainder when 158 is divided by 20.
18
What is the remainder when 38 is divided by 27?
11
What is the remainder when 3051 is divided by 16?
11
Calculate the remainder when 24 is divided by 1.
0
What is the remainder when 182 is divided by 166?
16
Calculate the remainder when 12022 is divided by 167.
165
What is the remainder when 598 is divided by 20?
18
Calculate the remainder when 822 is divided by 3.
0
Calculate the remainder when 50 is divided by 25.
0
What is the remainder when 5070 is divided by 48?
30
Calculate the remainder when 245 is divided by 142.
103
Calculate the remainder when 880 is divided by 26.
22
Calculate the remainder when 219 is divided by 44.
43
What is the remainder when 192 is divided by 85?
22
Calculate the remainder when 5440 is divided by 6.
4
Calculate the remainder when 93 is divided by 38.
17
What is the remainder when 614 is divided by 14?
12
Calculate the remainder when 177 is divided by 35.
2
Calculate the remainder when 96 is divided by 14.
12
What is the remainder when 2333 is divided by 32?
29
What is the remainder when 264 is divided by 8?
0
What is the remainder when 286 is divided by 73?
67
Calculate the remainder when 7496 is divided by 163.
161
Calculate the remainder when 168 is divided by 52.
12
What is the remainder when 2636 is divided by 4?
0
Calculate the remainder when 50 is divided by 13.
11
What is the remainder when 288 is divided by 58?
56
What is the remainder when 107 is divided by 10?
7
What is the remainder when 58 is divided by 35?
23
What is the remainder when 837 is divided by 220?
177
What is the remainder when 92 is divided by 38?
16
What is the remainder when 1088 is divided by 25?
13
What is the remainder when 31 is divided by 10?
1
Calculate the remainder when 573 is divided by 48.
45
Calculate the remainder when 4 is divided by 4.
0
Calculate the remainder when 520 is divided by 127.
12
Calculate the remainder when 2440 is divided by 47.
43
Calculate the remainder when 591 is divided by 58.
11
Calculate the remainder when 278 is divided by 31.
30
What is the remainder when 1322 is divided by 58?
46
What is the remainder when 1686 is divided by 559?
9
Calculate the remainder when 100 is divided by 13.
9
What is the remainder when 456 is divided by 30?
6
What is the remainder when 743 is divided by 183?
11
What is the remainder when 161 is divided by 82?
79
What is the remainder when 6 is divided by 1?
0
Calculate the remainder when 3127 is divided by 58.
53
Calculate the remainder when 653 is divided by 106.
17
Calculate the remainder when 2952 is divided by 229.
204
What is the remainder when 854 is divided by 107?
105
Calculate the remainder when 196 is divided by 18.
16
Calculate the remainder when 101 is divided by 41.
19
What is the remainder when 7894 is divided by 42?
40
What is the remainder when 18949 is divided by 25?
24
Calculate the remainder when 269 is divided by 18.
17
What is the remainder when 117 is divided by 30?
27
Calculate the remainder when 83 is divided by 36.
11
What is the remainder when 146 is divided by 59?
28
Calculate the remainder when 1098 is divided by 17.
10
What is the remainder when 380 is divided by 35?
30
What is the remainder when 111 is divided by 57?
54
Calculate the remainder when 168 is divided by 15.
3
Calculate the remainder when 1271 is divided by 416.
23
Calculate the remainder when 15214 is divided by 24.
22
Calculate the remainder when 49 is divided by 2.
1
What is the remainder when 1249 is divided by 209?
204
What is the remainder when 356 is divided by 36?
32
Calculate the remainder when 2367 is divided by 125.
117
What is the remainder when 17154 is divided by 429?
423
Calculate the remainder when 243 is divided by 18.
9
What is the remainder when 227 is divided by 33?
29
Calculate the remainder when 56 is divided by 8.
0
Calculate the remainder when 1779 is divided by 359.
343
What is the remainder when 4905 is divided by 223?
222
What is the remainder when 118 is divided by 11?
8
What is the remainder when 956 is divided by 4?
0
What is the remainder when 651 is divided by 72?
3
Calculate the remainder when 371 is divided by 34.
31
What is the remainder when 1357 is divided by 652?
53
What is the remainder when 783 is divided by 82?
45
What is the remainder when 459 is divided by 112?
11
Calculate the remainder when 1222 is divided by 51.
49
What is the remainder when 118 is divided by 44?
30
What is the remainder when 4029 is divided by 1007?
1
What is the remainder when 5622 is divided by 76?
74
What is the remainder when 176 is divided by 45?
41
What is the remainder when 62 is divided by 21?
20
Calculate the remainder when 3550 is divided by 209.
206
Calculate the remainder when 4107 is divided by 34.
27
Calculate the remainder when 210 is divided by 173.
37
Calculate the remainder when 572 is divided by 141.
8
What is the remainder when 154 is divided by 48?
10
What is the remainder when 164 is divided by 45?
29
Calculate the remainder when 965 is divided by 23.
22
Calculate the remainder when 152 is divided by 31.
28
What is